4799
Let o be 1*(-418)/4*-8. Suppose 4*w + o = 7*k - 3*k, 5*w = -2*k + 411. Suppose -5*u = y - 196, -y + u + k = -0*u. What are the prime factors of y?
2, 103
Let z = -1814 + 3585. Suppose -10*y = -389 - z. What are the prime factors of y?
2, 3
Suppose -2*l = -5*c - 33640, -16821 = 23*l - 24*l + 2*c. What are the prime factors of l?
5, 673
What are the prime factors of 14577*1 + -6 + (-21 - -15)?
3, 5, 971
Let r = -95 - -102. Suppose 16 = 4*a, 3*x - r*a - 162 = -10*a. What are the prime factors of x?
2, 5
Suppose 0*k - 1685 = -5*k. Suppose k = -13*r - 391. What are the prime factors of (63/(-3))/(6/r)?
2, 7
Let d(r) = -185*r - 4. Let k be d(-2). Suppose 2*j + o = k, 4*o + o + 354 = 2*j. Let v = j - 119. List the prime factors of v.
3, 7
Suppose 5*q = 4*q. Suppose -13*x + 14*x - 2 = q. Suppose 3*a = 3*m + 141, -x*a = 4*m - 36 - 40. What are the prime factors of a?
2, 11
Suppose 106422 + 46181 = 146*a - 135*a. What are the prime factors of a?
13873
Suppose -4*l - 288 = -8*l. Suppose 0 = 5*a - 5*o + 5, 0 = 3*a + 3*o - 5*o - 1. Suppose j - l = -a*j. List the prime factors of j.
2, 3
Let f = -105 + 101. List the prime factors of (-160)/(-100)*(-70)/f.
2, 7
Let z = 132 + -135. What are the prime factors of 1/z - 89871/(-261)?
2, 43
Let k(n) = n**3 + 17*n**2 - 48*n + 33. What are the prime factors of k(22)?
3, 11, 541
Let z(o) = -21*o - 23. Let m(c) = 84*c + 92. Let x(r) = 2*m(r) + 9*z(r). What are the prime factors of x(-8)?
5, 29
Let l be (4 - 11) + 0 + -2. Let s be (-1)/4 + 18/8. What are the prime factors of (s + -7)*(l - 8)?
5, 17
Let j be (972/(-10))/(57/10 - 6). Suppose 2*t - j = -4*t. What are the prime factors of -3*(8 - t - (-3)/(-1))?
3, 7
Let k be (-50)/(-15) + (-3)/9. Suppose 3*q - k*j - 15 = 0, -4*q = 3*j + j + 4. Suppose 3*u + q*u - g = 591, -g = -4. What are the prime factors of u?
7, 17
Let t be 1/(-4) - ((-2220)/48 - -12). List the prime factors of t/(1*(-6)/(-90)).
2, 3, 5, 17
Suppose -22*b + 248902 = 2*b - 33722. List the prime factors of b.
2, 23
List the prime factors of -1 + 0 - (4 + -14085).
2, 5, 11
Suppose -5*v + 6*v = -39. Let d = 44 + v. Suppose 0 = -0*z - z, d*z - 48 = -2*r. List the prime factors of r.
2, 3
Let a(i) = -i**3 + 9*i**2 - 22*i + 58. Let h be a(7). Suppose 558 = h*u + 4*z, 7*z + 567 = 2*u + 2*z. List the prime factors of u.
281
Suppose 12 = 143*j - 147*j. Suppose o + 330 = 6*o. What are the prime factors of j/(18/(-1124)) + 44/o?
2, 47
Let v(d) = 3*d**3 + 3*d**2 - d - 1. Suppose -5*l + 21 = 3*i + i, -15 = l - 4*i. Suppose 9*m - l = 8*m. List the prime factors of v(m).
2
Let d(q) = 4*q**2 - 2*q - 2. Let y be d(-1). Suppose 5*k + y*b - 183 - 3935 = 0, -3*k + 2460 = -3*b. List the prime factors of k.
2, 3, 137
Let c = -419 + 452. Suppose -21*v + c*v - 3936 = 0. What are the prime factors of v?
2, 41
Let m = 26 - 23. Suppose -2*l = 3*p - 619, -m*p = -p + 3*l - 416. Let f = p + -114. What are the prime factors of f?
7, 13
Let f = -12029 + 22142. What are the prime factors of f?
3, 3371
What are the prime factors of (2/(-5))/(37 + (-30647122)/828300)?
2, 3, 5, 251
Let x(k) = 3*k + 1. Let v be x(-1). Let q(f) = -15. Let u(z) = 7*z + 17. Let s(w) = -4*q(w) - 4*u(w). What are the prime factors of s(v)?
2, 3
What are the prime factors of 2396672/44 + 20/110?
2, 5, 13, 419
Let h(i) = -7 - 18 + 2*i - 4*i**2 - i**3 + 32. Let l be h(-4). What are the prime factors of l/(-3) + ((-1239)/(-9) - -1)?
139
Let v be (-9108)/(-34) + 56/476. Let j be -1 + 296/(-4 + 2). Let m = v + j. List the prime factors of m.
7, 17
Suppose -26*g + 8*g + 1472492 = 154*g. What are the prime factors of g?
7, 1223
Let r(h) = 4*h**2 + 11*h + 12. Let n be r(-1). Suppose -2*s + 2311 = 4*k - n*s, 5*k = 5*s + 2890. What are the prime factors of k?
577
Let u = -7986 + 5058. Let w = u - -1190. What are the prime factors of (w/33)/((-2)/3)?
79
Let k(q) = 5*q**2 - 65*q - 29. Suppose 0 = 4*d + 6 + 2. Let u(h) = -h**2 + 16*h + 7. Let r(v) = d*k(v) - 9*u(v). List the prime factors of r(-6).
43
Suppose 14085 = w + 1735 + 598. What are the prime factors of w?
2, 13, 113
Let f(b) = b**3 - 14*b**2 + 26*b - 20. Let a be f(14). Suppose -4*u - 21 = -3*w, -2*w - 2*u + 11 = -17. Suppose 3*z + w = a. What are the prime factors of z?
3, 37
Let g = 804 - 374. Suppose -g = -16*j + 11*j. Suppose -n + j = 3. List the prime factors of n.
83
Suppose 3*l - 2*l + 4 = -2*a, 0 = -5*l + 4*a + 22. Suppose 2*p - l*r = -38 + 118, p = 4*r + 40. Let x = 62 - p. List the prime factors of x.
2, 11
Let v = 6573 + -4530. List the prime factors of v.
3, 227
Suppose 2*p - 3*l - 2835 = 1593, -l = -p + 2213. Suppose -2216 = -5*y + y + 4*c, 5*c + p = 4*y. What are the prime factors of y?
13, 43
List the prime factors of 2 + 1/1 - (-97)/((-2134)/(-287100)).
3, 19, 229
Let k(z) be the third derivative of z**6/120 - 13*z**5/60 + 7*z**4/6 - 5*z**3/2 - 71*z**2. List the prime factors of k(14).
3, 191
Let z(y) be the first derivative of 2*y**3 + 63*y**2/2 + 32*y - 195. List the prime factors of z(-22).
2, 5, 31
Let k be -4*1/(-2) + 2. Let f = -1 - k. List the prime factors of 6/f*(1000/6)/(-2).
2, 5
Suppose -5*p + 28072 - 9884 = -75012. List the prime factors of p.
2, 5, 233
Let h = 18896 + -14643. What are the prime factors of h?
4253
Suppose 12441 + 10265 = 3*h - a, 3*h - 22714 = -a. What are the prime factors of h?
2, 5, 757
Let g(r) = 852*r**3 + 2*r**2 + 3*r - 6. Let z be g(2). Suppose 3*m - z = -5*m. List the prime factors of m.
853
Let t(b) = 5*b**3 + 2*b**2 - 10*b + 16. Let g(y) = 14*y**3 + 6*y**2 - 31*y + 47. Let l(p) = 4*g(p) - 11*t(p). List the prime factors of l(6).
2, 3
Suppose -47*k + 3449297 = 856354. What are the prime factors of k?
43, 1283
Suppose 0*a - 966055 = -71*a - 24*a. What are the prime factors of a?
10169
Suppose 112*w = 196*w - 1241268. List the prime factors of w.
7, 2111
Let s(n) = 3*n + 30. Let a be s(-10). Suppose a = -5*x - x + 2124. List the prime factors of x.
2, 3, 59
Suppose 4 = -2*p, -5*p + 71994 = -10*b + 14*b. What are the prime factors of b?
47, 383
Let f = 24 + -12. Suppose 4*b + 16 = 0, -3*b = 6*y - y + f. Suppose 2*u - p = -27 + 192, -u + 5*p + 105 = y. What are the prime factors of u?
2, 5
Suppose 0 = z - 3*o - 10, -4*z = -0*z + 3*o - 25. Let k be (-2)/((-10)/z)*35. Suppose 5*n - 53 - k = -s, -n = -3. List the prime factors of s.
3, 29
Let q be -1 + (2/(-6) - 40/(-12)). Suppose -2*z + 6 = 2*z + f, 12 = 4*z - q*f. Suppose -2*g - 75 - 91 = -c, -z*g + 6 = 0. List the prime factors of c.
2, 43
Let w(p) = -2*p**3 - 2*p**2 + 4*p + 9. Let b be w(-5). Suppose h - b = -0*h. What are the prime factors of h?
3, 7
Suppose -4*i - n + 2*n = -8, -2*i = -4*n + 10. Suppose -14*d = -i*d - 132. Suppose d*o - 990 = 6*o. What are the prime factors of o?
3, 5, 11
What are the prime factors of (19482/68)/((-3)/(-58))?
29, 191
Let p be 4/(-6) - (-207)/27. Suppose -3*g + p*b - 2*b = -882, 0 = -2*b - 6. What are the prime factors of g?
17
Let u = -38298 - -116100. List the prime factors of u.
2, 3, 12967
Let p(w) = w**2 - 2*w - 8. Let a = 275 + -396. Let c = 111 + a. What are the prime factors of p(c)?
2, 7
Let b = -239 + 235. List the prime factors of b/24 - 2545/(-6).
2, 53
Suppose 0 = 3*n + 5*o - 2273 - 2110, 4*n + 2*o - 5858 = 0. What are the prime factors of ((-8)/24)/(-1 + n/1467)?
3, 163
Suppose 1087*n = 1082*n - 5*u + 10, -5*n + 4*u = -10. Let a(z) = 1 - 2 + 17*z + 14*z. What are the prime factors of a(n)?
61
Suppose -1612*k = -1625*k + 644604 - 8488. List the prime factors of k.
2, 13, 941
Suppose 0 = -22*t + 28*t + 48. List the prime factors of (-2 + (-34)/t)/((-3)/(-96)).
2, 3
Let a = -170 - -472. Suppose a = 14*w - 2456. What are the prime factors of w?
197
Suppose 6*z = 215 - 287. List the prime factors of (-18135)/z - (27/12 + -2).
1511
Suppose 52*x - 51*x - 2 = 0. Suppose -3*d + 2017 = x*f, 4*f = -5*d + d + 2692. What are the prime factors of d?
11, 61
Suppose j - 1 = -3. Let m(g) = g**3 + 6*g**2 + 3*g. Let l be m(j). Let v(y) = 4*y - 33. List the prime factors of v(l).
7
Let t(d) = -d**3 + 6*d**2 + 12*d + 3. Let i(p) = -2*p**3 - p**2 - p. Let y(r) = 2*i(r) - t(r). List the prime factors of y(-4).
3, 13
Let l = 214 - 172. Suppose -l*j - 1215 = -45*j. List the prime factors of j.
3, 5
Let c(m) = 23 + 4*m**2 + 0*m**2 - 3*m**2 + 5*m**2 + 3*m**2 + 34*m. What are the pr